 7 + -13
-40
What is (0 - 44 - (204 + -194)) + -14 + 8?
-60
-12 + -100 + 94 + 2 + 23
7
What is the value of -12 + (11 - (-17 + -19 + 88))?
-53
46 + (-21 - -16) + (-13 + 3 - (-3 - 1))
35
What is the value of -10 - (16 - (6 - (0 + -4) - (0 + 0)))?
-16
(-49 + 76 - (37 + -9)) + -48
-49
Evaluate -126 + (-14 - -174) + (-26 - 0) - -67.
75
-22 + (4 - -4 - 46) + 1 + 10
-49
What is -70 + 23 + -6 + 48?
-5
Evaluate 15 - (55 + (57 - 93)).
-4
Evaluate -35 - ((37 - (45 - 6)) + -29).
-4
What is the value of 19 + -6 + 15 + -64?
-36
What is 33 - (-1 + 0) - (124 + -132)?
42
What is -29 + -1 - (-6560 - -6477)?
53
Calculate (-2 - 0) + (0 - -49) - (5 - 0 - -3).
39
Calculate -75 - (-7 + 9 + 1 + -16).
-62
What is (-99 + 215 - 94) + 13 + 1?
36
What is -69 - (-2 + 77 + -67)?
-77
What is (-50 - -5) + 25 - 101 - -17?
-104
(-170 + 25 - -57) + -2
-90
(1 + 1 - 25) + (10853 - 10760)
70
What is the value of 149 + (65 - (45 + 100))?
69
18 + -27 + 66 + (-47 - -30)
40
Evaluate (-8 - (6 - (3 + 0))) + 46 + (-3 - 51).
-19
What is the value of 56 - ((-48 - -8) + 89)?
7
What is 24 + 0 + 2 - (-150 + 186)?
-10
Calculate (-354 - -382) + (-7 - -21).
42
6 + -67 + (21 + 9 - 28 - (0 - -14))
-73
What is (-44 - -3) + (30 - -4)?
-7
What is -14 + -30 + 16 + -16 + -6 + 2?
-48
What is 59 + -1 - ((-104 - -88) + 8)?
66
Evaluate -32 + (17 + 1 - (-31 - -35)) + 113.
95
(3 - (13 + (-5 - (3 - -9)))) + -23
-16
Calculate -2 + (61 - (80 - 12)).
-9
What is -20 - (-32 - (-14 + -3 + -4))?
-9
Evaluate 21 + -35 + 22 + -7 + 8 + -2.
7
What is the value of (36 - -8) + (-2 + -3 + -10 + 26 - 10)?
45
What is the value of -7 - (50 - (-26 + 44))?
-39
121 + (84 - (210 + -127))
122
Calculate 27 - (2200 + -2215 + -1 + 30 + -1).
14
Evaluate -16 + (1 - 26 - 3) + 3.
-41
Evaluate 3 - (-38 - 3) - (93 + -80) - 4.
27
-2 + 1 + (-10 - (15 + (-20 - 5 - 1)))
0
4 + -1 - (13 - 12 - 18) - -2
22
Evaluate -2 + 90 + -68 - 9.
11
What is -8 + -5 + -7 + (853 - 751)?
82
What is (-1327 - -1231) + 25 + 4 + 0?
-67
0 + -34 - (1538 + -1616) - 32
12
What is (1 - (-16 + 10)) + (-37 - -28) - 99?
-101
What is -10 - (-2 - 10 - -12 - (3 - -6))?
-1
What is (-3 - 18 - (123 - 144)) + 4?
4
Calculate (104 - 215 - -104) + (-1 - -60).
52
0 + 5 + -16 - -23 - (0 - -19)
-7
-70 + 87 + 0 + -28
-11
Evaluate -23 + 3 - (1461 + -1443).
-38
What is the value of ((-13 - -15) + -13 - -29) + (12 - 0)?
30
-33 + -16 - (-4 - 0) - (4 + -32 + 29)
-46
Evaluate (155 - 122) + -8 + (-4 + -3 - -33 - 8).
43
Evaluate (-2 + -6 - (232 + -243)) + -51.
-48
Evaluate (4 - -1 - 45) + (-25 - (-3 - 7)) + 21.
-34
Evaluate 35 + (25 - (54 - -39)).
-33
What is 147 + -74 + -21 + 7 + -2?
57
Calculate (57 - 14) + -23 - (-9 + 17).
12
-37 - 43 - -40 - -36
-4
What is the value of (28 - (1 - -43)) + -15?
-31
What is the value of (-25 - -7) + 38 + -48 - (-14 + 1)?
-15
Calculate -9 + (-40 - (-21 - 25 - -20)).
-23
Evaluate 16 + -71 - (-2 + 2 + 5 + -4 + -9).
-47
What is 1 + 0 + 0 - (2294 + -2315)?
22
What is the value of (-144 - -113) + (-98 - (-11 + -1))?
-117
(-2 + (33 - 4) - 54) + -23
-50
What is (-17 - -20 - (8 + -12 + -83)) + -12 + -1?
77
Evaluate -120 + 1 - (-19313 + 19295).
-101
What is (-83 - -52 - 31) + 66?
4
48 - ((-55 - -102) + 41)
-40
Evaluate (1 + 0 - 1) + -25681 + 25731.
50
Evaluate (-50 - 4 - -104) + -16.
34
Evaluate -4 + (102 - 4) - (-28 + 17 + 30 - 8).
83
Calculate -45 + (89 - -33) - ((-7 - -2) + 25).
57
What is the value of (3 + -31 - 7) + (7 + -6 + 5 - -3)?
-26
What is 2 + -28 + -12 - 8?
-46
What is the value of -3 - (9 + (2 - (3 - 2))) - (-23177 + 23225)?
-61
What is the value of 4 - (7 + -1) - -2 - (23 - -92 - 43)?
-72
What is 1 + -5 + -37 + -431 + 415?
-57
(1 - 4) + 54 + -60 - (18 + 6)
-33
Evaluate (-20 - -15) + 5 + 10 + -6 + -15.
-11
Calculate -17 + 11 + 13 + -7 + 51 + -5 + 0.
46
What is the value of -14 - (-81 - (-43 - (-28 - -2)))?
50
What is 1 + -24 + (2 - 3 - (-2 + 10))?
-32
What is the value of -42 + 124 + (-20 - 53)?
9
Evaluate -157 - (-16 + 134 - 398).
123
What is -1 - 30 - (38 + (29 - 40) + -16)?
-42
What is 4 - -9 - (41 - 26 - -29)?
-31
2352 + -2305 - (-1 + 21)
27
Evaluate 2939 + -2933 - (-1 - 30).
37
What is (0 - 1) + -9 - (56 + -69 + 31 + -31)?
3
-18 - (0 + 3 + (-181 - -164))
-4
What is the value of 42 - -46 - (70 + -53)?
71
-17 + 90 - (-389 - -362)
100
Calculate (26 + 38 + -53 - (-2 - -19)) + -8 + 0.
-14
What is 0 - (-30 - 5) - (-11 - (-8 + -6 + 7))?
39
Evaluate 3 - (2 + 32 - (-1 + 62 - 65)).
-35
What is 25 + -14 - -53 - (-62 + 61)?
65
Evaluate (-1 - 35) + (-17 - (-34 - -1)).
-20
What is the value of -83 - -90 - (-1 - -17) - (-1 - -1)?
-9
What is (0 - -3) + (3 - (-18 - -10 - (1 + -102)))?
-87
(-179 + 64 - -112) + 0 + 7
4
-106 - ((154 - 345) + 42)
43
(90 - 6) + 30 + -14 + 4 + -12
92
Evaluate -61 + (-212 - -82) + 145.
-46
Calculate (1 - (-4 - 8 - -8)) + 96 + 16.
117
Calculate -20 + 14 + -20 + 24 + (1 - -5).
4
Calculate 7 + 10 + 31 - (156 - 197).
89
6 + -12 - ((49 - 26) + -30)
1
What is 4 - (17 - ((1 - -4) + (-5 - 4))) - -3?
-14
What is the value of 27 + -38 + (113 - (-42 + 23))?
121
-5 - (-2 + 0 + (29 - 50 - -18)) - 23
-23
Calculate -26 + ((-5 - -18) + 1 - 7).
-19
Evaluate (21 - 120) + -8 + 47 + -17.
-77
Calculate (-84 - -2) + -8 + 6 + -67 + 72.
-79
What is 1 + 13 + (-8 - (1 + 14)) - (-2 + 59)?
-66
What is 3 + (-326 + 333 - (13 - (-2 - -3)))?
-2
What is the value of -3 + -3 + 3 - (49 + -48 - -14)?
-18
Evaluate 15 - (-8 - (-10 - (-6 - (2 - -6)))).
27
-60 - (30 + -27 + (-11 + 37 - 8))
-81
What is the value of 81 + -6 - (14 - -91)?
-30
14 - (53 - 26) - 21
-34
Calculate -7 + 2 + -3 + 9 - 31.
-30
Evaluate 40 - (-45 + 41 - -18).
26
What is the value of -62 + -53 + 95 + (-14 - 1)?
-35
What is -1159 + 1238 + (-2 - 42)?
35
Calculate -6 + 2 - ((1 - -8) + (-12 - -4) - 13).
8
What is the value of (-53 - -26) + -14 + 24 + 48?
31
Evaluate -50 + -12 + 88 + -6.
20
Calculate -10 + -4 + 24 + (14 - (14 - -82)).
-72
What is the value of 22 + (-12 - 2) + (-46 - -51) - 31?
-18
(-12 - (-19 + -5)) + (9 + -4 - 20)
-3
What is the value of -7 + (7 - -6) - -28?
34
-9 + 2163 + -2138 + -4 + -11 + (5 - 2)
4
What is the value of (-4 - -3) + 7 - (-12 - (-12 - -7)) - -50?
63
Evaluate 13 + -2 + 7 + -10 + -12 + -3 - 47.
-54
(1 - -27) + (110 - 154 - -80)
64
-534 + 581 + (22 - (-4 - -6))
67
What is the value of -95 + 29 + (2 - -23)?
-41
Calculate (23 - ((-6 - 0 - -20) + 1)) + -62.
-54
-62 + (-8 - 43) - -72
-41
What is (-1 - -1) + (1 - -1 - ((-2 - -22) + -62))?
44
6970 - 6947 - (2 - -85)
-64
1812 - 1894 - (3 + -16 - -5)
-74
What is the value of 160 + -120 + (-51 - -14)?
3
What is the value of 49 - (34 - (16 - 41))?
-10
Calculate -3 - -48 - ((-1 + 2 - -8) + (-64 - -50)).
50
Evaluate 0 + (-18 - (-11 + -59 + -14 - -8)).
58
Evaluate -77 + -105 + 180 + (0 - 2 - (-3 + -38)).
37
-81 + 58 + (0 - -29)
6
What is (-34 - -33) + (18 - -3) + 2?
22
Calculate -210 + (31 - -73) + 26.
-80
Calculate -7 + (12 - -2 - -2) + (-132 - -75 - 90).
-138
What is the value of (-6 - 2) + (-1 - -7 - 4) - (1 + -26)?
19
Evaluate (-36 - 10 - -50) + -12.
-8
Evaluate 32 + -3 + -34 + (1 + -4 - -38).
30
What is 13 - ((66 - 61) + (5 - 5 - -6))?
2
-7 + -38 - -52 - (34 - (-2 + -1 + 3))
-27
137 + (-62 - -48) - 45
78
What is 11 + -1 + -21 + (-32 - -49) - 9?
-3
-22 - (-82 - -45 - -24)
-9
-13 + (37 + -83 - -2) - (2 - -10)
-69
What is 395 + -405 - (-2 + 1 + -2 + 13)?
-20
18 - (26 - 34) - (-24 - -8)
42
What is -101 - (46 + 8 - 74)?
-81
Calculate -2 + 7 + 1121 + -1105.
21
What is the value of -337 + 350 - (-2 - -1) - (5 - 12 - 0)?
21
-44 + 35 + 1 - -60
52
-8 + -1 - (127 + -71 - 107)
42
What is -5 - (1 - (-9 - (-7 + -107 + 12)) - 3)?
90
What is (0 - (-7 + 9) - 8 - (-21 - 3)) + -95?
-81
What is the value of (-16 - 12 - 6 - -11) + -15?
-38
What is -3 - (70 + (14 - (26 + -19 + 4)))?
-76
Calculate -4 + -41 + 80 + -58.
-23
32 - 2 - (133 - (-43 - -32))
-114
What is the value of (-17 - -15) + (-648 - -710)?
60
Calculate 0 + (-1 - 0 - -10) - (-1 + (-106 - -110)).
6
What is the value of -2 - (-11 - -19) - (2 + -58) - (4 - 9)?
51
-57 - (70 + -26 - 47 - -52)
-106
Evaluate -1066 - -1104 - (2 + 25 - 3).
14
What is (-4 - (13 + -26 - 11)) + -46?
-26
Calculate -57 + -47 + 39 + 56.
-9
Calculate (-8 - 3) + -94 + (-7 - 0 - (-34 - -14)).
-92
What is the value of -5 + (-1 - -4) - (124 + -42) - (-2 - -1)?
-83
What is -16 + (0 - (15 - ((12 - 11) + 6))) + -4?
-28
Calculate 2122 + -